{"id":5554,"date":"2017-08-08T10:06:23","date_gmt":"2017-08-08T10:06:23","guid":{"rendered":"http:\/\/wpdemos.themezaa.com\/pofo\/?page_id=5554"},"modified":"2021-09-17T17:42:35","modified_gmt":"2021-09-17T21:42:35","slug":"about","status":"publish","type":"page","link":"https:\/\/viva-action.net\/index.php\/about\/","title":{"rendered":"About Viva-Action"},"content":{"rendered":"<section class=\"vc_row wpb_row vc_row-fluid  vc_custom_1591052545102 wow fadeIn vc_row-has-fill\"><div class=\"wpb_column vc_column_container vc_col-sm-12  col-xs-mobile-fullwidth\"><div class=\"vc_column-inner \"><div class=\"wpb_wrapper\"><div class=\"vc_row wpb_row vc_inner vc_row-fluid  vc_custom_1591055410730 vc_row-has-fill vc_row-o-equal-height vc_row-o-content-middle vc_row-flex pofo-inner-row-responsive-6a01ebade3b9a\"><div class=\"wpb_column vc_column_container vc_col-sm-12 vc_col-md-5 vc_col-xs-12 wow fadeInLeft text-center pofo-column-responsive-6a01ebade3c29\"><div class=\"vc_column-inner \"><div class=\"wpb_wrapper\">[vc_single_image image=&#8221;22444&#8243; img_size=&#8221;full&#8221; alignment=&#8221;center&#8221; style=&#8221;vc_box_rounded&#8221;][vc_btn title=&#8221;Contact Viva-Action, LLC&#8221; align=&#8221;center&#8221; link=&#8221;url:https%3A%2F%2Fviva-action.net%2Findex.php%2Fcontact%2F|title:Contact%20Viva-Action||&#8221; css=&#8221;.vc_custom_1593441948750{margin-top: 15px !important;margin-bottom: 0px !important;border-top-width: 0px !important;border-bottom-width: 0px !important;padding-top: 0px !important;padding-bottom: 0px !important;}&#8221;]<\/div><\/div><\/div><div class=\"wpb_column vc_column_container vc_col-sm-12 vc_col-md-7 vc_col-xs-12 wow fadeInRight sm-text-center pofo-column-responsive-6a01ebade3c6c\"><div class=\"vc_column-inner vc_custom_1507545381822\"><div class=\"wpb_wrapper\"><div class=\"text-medium-gray text-small margin-5px-bottom alt-font heading-style4  vc_custom_1590692855463  heading-1\"  style=\"font-size: 16px; line-height: 23px; color: #ff214f;\" data-fontsize=\"16px\" data-lineheight=\"23px\">Monika B\u00f6hm-Fandi\u00f1o<\/div><h6 class=\"text-extra-dark-gray margin-20px-bottom font-weight-600 display-inline-block alt-font heading-style2  heading-2\"  style=\"font-weight: 500;\">Journalist, PR and Media Expert<\/h6><div class=\"last-paragraph-no-margin\"><p>In 1998 Monika moved to Miami and founded the company Viva-Action, LLC (former MB Media Services). Since then she has been busy working\u00a0as a TV producer and reporter for various TV networks and Production companies in Europe and the US.<\/p>\n<p>Monika served as the Entertainment Producer before and during the duration of the 2006 FIFA World Cup Germany for Univision Sports. She\u00a0researched, coordinated and produced cultural and entertainment packages from Germany for the Latin Audience. She delivered\u00a018 stories for Univision Sports, that aired nationally during the live transmission of the most popular sports event in the world.<\/p>\n<p>She has worked in London, UK and Hamburg, Germany as a Producer and Event Coordinator and has been the PR\u00a0Managing Director for the world-wide third largest trade show organizer I.T.E. in London, UK. During this time Monika planned and organized international exhibitions in Moscow, St. Petersburg, Nizhny Novgorod (Russia), Almaty (Kazakhstan), Baku (Aserbaijan), Ashgabat (Turmenistan)\u00a0as well as in Dubai (UAE) and Hanoi (Vietnam).<\/p>\n<\/div><\/div><\/div><\/div><\/div>[vc_empty_space][vc_separator css=&#8221;.vc_custom_1591046083751{padding-top: 15px !important;padding-bottom: 25px !important;}&#8221;]<div class=\"vc_row wpb_row vc_inner vc_row-fluid  vc_custom_1591053527091 vc_row-has-fill vc_row-o-equal-height vc_row-o-content-top vc_row-flex\"><div class=\"wpb_column vc_column_container vc_col-md-4 col-xs-mobile-fullwidth pofo-column-responsive-6a01ebade3db8\"><div class=\"vc_column-inner \"><div class=\"wpb_wrapper\"><span class=\"text-extra-large margin-25px-bottom display-inline-block alt-font heading-style3  vc_custom_1590693712531  heading-3\"  style=\"width: 90%; color: #232323;\">We're fortunate to work with fantastic clients from across the globe for tv + video productions and reporting.<\/span><\/div><\/div><\/div><div class=\"wpb_column vc_column_container vc_col-md-4 col-xs-mobile-fullwidth pofo-column-responsive-6a01ebade3e3b\"><div class=\"vc_column-inner \"><div class=\"wpb_wrapper\"><div class=\"featurebox5 pofo-featurebox position-relative featurebox5-1\" ><div class=\"feature-content\"><div class=\"text-extra-dark-gray margin-5px-bottom alt-font font-weight-600\">Reliable &amp; Diverse<\/div><div class=\"last-paragraph-no-margin\"><p>Based on years of experience with major TV networks and production companies from Europe and the US we are your trusted source for all your production needs. With a full camera crew available and the capacity of working on PAL and NTSC we are geared up for any event!<\/p>\n<\/div><\/div><\/div><\/div><\/div><\/div><div class=\"wpb_column vc_column_container vc_col-md-4 col-xs-mobile-fullwidth\"><div class=\"vc_column-inner \"><div class=\"wpb_wrapper\"><div class=\"featurebox5 pofo-featurebox position-relative featurebox5-2\" ><div class=\"feature-content\"><div class=\"text-extra-dark-gray margin-5px-bottom alt-font font-weight-600\">Top Rated Producer<\/div><div class=\"last-paragraph-no-margin\"><p>We are the local production company for the reality shows such as: \u201cGoodbye Deutschland\u201d for VOX, \u201cDie Geissens\u201d for RTL2, \u201cDas erste Mal \u2013 USA\u201d for ZDF, \u201cDie Reimanns\u201d for RTL, \u201cZDF &#8211; Das Blaue Sofa&#8221;, \u201cIn 90 Tagen zum Erfolg\u201d mit Chris Toepperwien.<\/p>\n<\/div><\/div><\/div><\/div><\/div><\/div><\/div><\/div><\/div><\/div><\/section><section id=\"clients\" data-vc-full-width=\"true\" data-vc-full-width-init=\"false\" data-stellar-background-ratio=\"0.5\" class=\"vc_row wpb_row vc_row-fluid  vc_custom_1604687757409 vc_row-has-fill pofo-stretch-content pofo-stretch-row-container parallax\"><div class=\"bg-extra-dark-gray bg-overlay\" style=\"opacity:0.7; \"><\/div><div class=\"wpb_column vc_column_container vc_col-sm-12  col-xs-mobile-fullwidth\"><div class=\"vc_column-inner \"><div class=\"wpb_wrapper\"><div class=\"last-paragraph-no-margin\" style=\"color: #ffffff;\"><p><strong>ABOUT VIVA-ACTION, LLC<\/strong><br \/>\nViva-Action, LLC is a global operating production company, a one stop shop for all your media and production needs and is your partner in Miami, FL, the United States, South America and Europe. You tell us your story line and we will implement it to your full satisfaction.<\/p>\n<p>We cover all stages from concept development to implementation and take your project from inspiration to realization, including script development, casting, shooting, editing and pre- and post-production.<\/p>\n<p>Based on years of experience with major TV networks and production companies from Europe and the US we are your trusted source for all your production needs.<\/p>\n<p>Combining our overall wealth of experience, networking capabilities and expertise our team knows what it takes to see an assignment through successfully from start to finish! It is this drive and know-how that makes Viva-Action so unique and productive. Allowing you to produce relevant stories and corporate videos to capture, captivate and hold your audience and clients attention.<\/p>\n<\/div>[vc_btn title=&#8221;Contact Viva-Action&#8221; align=&#8221;center&#8221; link=&#8221;url:https%3A%2F%2Fviva-action.net%2Findex.php%2Fcontact%2F|title:Contact%20Viva-Action||&#8221; css=&#8221;.vc_custom_1593055916605{margin-top: 15px !important;margin-bottom: 0px !important;border-top-width: 0px !important;border-bottom-width: 0px !important;padding-top: 0px !important;padding-bottom: 0px !important;}&#8221;]<\/div><\/div><\/div><\/section><div class=\"vc_row-full-width vc_clearfix\"><\/div><section data-vc-full-width=\"true\" data-vc-full-width-init=\"false\" class=\"vc_row wpb_row vc_row-fluid  vc_custom_1591041434156 wow fadeIn vc_row-has-fill pofo-stretch-content pofo-stretch-row-container\"><div class=\"wpb_column vc_column_container vc_col-sm-12 vc_col-md-4 col-xs-mobile-fullwidth wow fadeIn pofo-column-responsive-6a01ebade40fd\"><div class=\"vc_column-inner \"><div class=\"wpb_wrapper\"><div class=\"testimonial-1 testimonial-style-1 testimonial-style3 testimonial1-1\"><div class=\"testimonial-content-box padding-twelve-all bg-white border-radius-6 box-shadow arrow-bottom sm-padding-eight-all last-paragraph-no-margin inner-match-height\"><p>Community awareness is essential to ensuring that we have the funding and other resources to meet the complex needs of the over 100 women and children served by the Lotus House Women\u2019s Shelter on a daily basis. Since Monica started working with us, Lotus House has received unprecedented, thoughtful, positive and in-depth media coverage, helping us to raise the funds we so desperately need. Monika has truly been a life saver!<\/p>\n<\/div><div class=\"testimonial-box padding-25px-all xs-padding-20px-all\"><div class=\"image-box width-20\"><img loading=\"lazy\" decoding=\"async\" src=\"https:\/\/viva-action.net\/wp-content\/uploads\/2020\/06\/constance-viva.jpg\" width=\"200\" height=\"200\"  alt=\"\" srcset=\"https:\/\/viva-action.net\/wp-content\/uploads\/2020\/06\/constance-viva.jpg 200w, https:\/\/viva-action.net\/wp-content\/uploads\/2020\/06\/constance-viva-150x150.jpg 150w, https:\/\/viva-action.net\/wp-content\/uploads\/2020\/06\/constance-viva-81x81.jpg 81w\" sizes=\"auto, (max-width: 200px) 100vw, 200px\" class=\"border-radius-100\"\/><\/div><div class=\"name-box padding-20px-left\"><div class=\"alt-font font-weight-600 text-small text-extra-dark-gray text-uppercase\">Constance Collins<\/div><div class=\"text-extra-small text-medium-gray text-uppercase\">Director, Lotus House Women\u2019s Shelter<\/div><\/div><\/div><\/div><\/div><\/div><\/div><div class=\"wpb_column vc_column_container vc_col-sm-12 vc_col-md-4 col-xs-mobile-fullwidth wow fadeIn pofo-column-responsive-6a01ebade448e\" data-wow-delay= 200ms><div class=\"vc_column-inner \"><div class=\"wpb_wrapper\"><div class=\"testimonial-1 testimonial-style-1 testimonial-style3 testimonial1-2\"><div class=\"testimonial-content-box padding-twelve-all bg-white border-radius-6 box-shadow arrow-bottom sm-padding-eight-all last-paragraph-no-margin inner-match-height\"><p>Frau B\u00f6hm-Fandi\u00f1o organisierte in Zusammenarbeit mit unserem Produktionsteam in Deutschland die Dreharbeiten zu \u201eDie Geissens \u2013 eine schrecklich glamour\u00f6se Familie in Miami\u201c auf RTL 2. In diesem Zuge unterst\u00fctzte sie uns im Vorfeld bei diversen Recherchearbeiten. Sie recherchierte au\u00dfergew\u00f6hnliche Drehorte, Prominenz, die die Geissens in Miami treffen sollten und machte das Unm\u00f6gliche M\u00f6glich. Ausserdem k\u00fcmmerte sich um die Einholung entsprechender Drehgenehmigungen. Frau B\u00f6hm-Fandi\u00f1o verf\u00fcgt \u00fcber ein sehr grosses und einflussreiches Netz von Kontakten in Florida, auf die sie jederzeit erfolgreich zur\u00fcckgreifen konnte.<\/p>\n<\/div><div class=\"testimonial-box padding-25px-all xs-padding-20px-all\"><div class=\"image-box width-20\"><img loading=\"lazy\" decoding=\"async\" src=\"https:\/\/viva-action.net\/wp-content\/uploads\/2020\/06\/joker-viva.jpg\" width=\"200\" height=\"200\"  alt=\"\" srcset=\"https:\/\/viva-action.net\/wp-content\/uploads\/2020\/06\/joker-viva.jpg 200w, https:\/\/viva-action.net\/wp-content\/uploads\/2020\/06\/joker-viva-150x150.jpg 150w, https:\/\/viva-action.net\/wp-content\/uploads\/2020\/06\/joker-viva-81x81.jpg 81w\" sizes=\"auto, (max-width: 200px) 100vw, 200px\" class=\"border-radius-100\"\/><\/div><div class=\"name-box padding-20px-left\"><div class=\"alt-font font-weight-600 text-small text-extra-dark-gray text-uppercase\">JOKER PRODUKTIONS<\/div><div class=\"text-extra-small text-medium-gray text-uppercase\">GmbH, K\u00f6ln<\/div><\/div><\/div><\/div><\/div><\/div><\/div><div class=\"wpb_column vc_column_container vc_col-sm-12 vc_col-md-4 col-xs-mobile-fullwidth wow fadeIn\" data-wow-delay= 400ms><div class=\"vc_column-inner \"><div class=\"wpb_wrapper\"><div class=\"testimonial-1 testimonial-style-1 testimonial-style3 testimonial1-3\"><div class=\"testimonial-content-box padding-twelve-all bg-white border-radius-6 box-shadow arrow-bottom sm-padding-eight-all last-paragraph-no-margin inner-match-height\"><p>During her assignment with us, Ms. Boehm, through her strong work ethic, public relation skills, and production experience, delivered eighteen informative and entertaining stories for Univision Sports, which were chosen by Univision to air nationally during our live transmission of fthe most popular event in the work, the FIFA Work Cup. She demonstrated that she\u2019s a very reliable and extremely organized professional with the ability to deliver according to our needs while maintaining herself within the budget requirements informed.<\/p>\n<\/div><div class=\"testimonial-box padding-25px-all xs-padding-20px-all\"><div class=\"image-box width-20\"><img loading=\"lazy\" decoding=\"async\" src=\"https:\/\/viva-action.net\/wp-content\/uploads\/2020\/06\/univision-viva.jpg\" width=\"200\" height=\"200\"  alt=\"\" srcset=\"https:\/\/viva-action.net\/wp-content\/uploads\/2020\/06\/univision-viva.jpg 200w, https:\/\/viva-action.net\/wp-content\/uploads\/2020\/06\/univision-viva-150x150.jpg 150w, https:\/\/viva-action.net\/wp-content\/uploads\/2020\/06\/univision-viva-81x81.jpg 81w\" sizes=\"auto, (max-width: 200px) 100vw, 200px\" class=\"border-radius-100\"\/><\/div><div class=\"name-box padding-20px-left\"><div class=\"alt-font font-weight-600 text-small text-extra-dark-gray text-uppercase\">Univision Sports<\/div><div class=\"text-extra-small text-medium-gray text-uppercase\">Univision Network \u2013 Miami<\/div><\/div><\/div><\/div><\/div><\/div><\/div><\/section><div class=\"vc_row-full-width vc_clearfix\"><\/div>\n","protected":false},"excerpt":{"rendered":"[vc_single_image image=\"22444\" img_size=\"full\" alignment=\"center\" style=\"vc_box_rounded\"][vc_btn title=\"Contact Viva-Action, LLC\" align=\"center\" link=\"url:https%3A%2F%2Fviva-action.net%2Findex.php%2Fcontact%2F|title:Contact%20Viva-Action||\" css=\".vc_custom_1593441948750{margin-top: 15px !important;margin-bottom: 0px !important;border-top-width: 0px !important;border-bottom-width: 0px !important;padding-top: 0px !important;padding-bottom: 0px !important;}\"]Monika B\u00f6hm-Fandi\u00f1oJournalist, PR and Media ExpertIn 1998 Monika moved to Miami and founded the company Viva-Action, LLC (former MB Media Services). Since then she has been busy working\u00a0as a TV producer and reporter for various TV networks and Production companies in Europe and the US. Monika served as the Entertainment Producer before and during the duration of the 2006 FIFA World Cup Germany for Univision Sports. She\u00a0researched, coordinated and produced cultural and entertainment packages from Germany for the Latin Audience. She delivered\u00a018 stories for Univision Sports, that aired nationally during the live transmission of the most popular sports event in the world. She has worked in London, UK and Hamburg, Germany as a Producer and Event Coordinator and has been the PR\u00a0Managing Director for the world-wide third largest trade show organizer I.T.E. in London, UK. During this time Monika planned and organized international exhibitions in Moscow, St. Petersburg, Nizhny Novgorod (Russia), Almaty (Kazakhstan), Baku (Aserbaijan), Ashgabat (Turmenistan)\u00a0as well as in Dubai (UAE) and Hanoi (Vietnam). [vc_empty_space][vc_separator css=\".vc_custom_1591046083751{padding-top: 15px !important;padding-bottom: 25px !important;}\"]We're fortunate to work with fantastic clients from...","protected":false},"author":1,"featured_media":0,"parent":0,"menu_order":0,"comment_status":"closed","ping_status":"closed","template":"","meta":{"footnotes":""},"class_list":["post-5554","page","type-page","status-publish","hentry"],"_links":{"self":[{"href":"https:\/\/viva-action.net\/index.php\/wp-json\/wp\/v2\/pages\/5554","targetHints":{"allow":["GET"]}}],"collection":[{"href":"https:\/\/viva-action.net\/index.php\/wp-json\/wp\/v2\/pages"}],"about":[{"href":"https:\/\/viva-action.net\/index.php\/wp-json\/wp\/v2\/types\/page"}],"author":[{"embeddable":true,"href":"https:\/\/viva-action.net\/index.php\/wp-json\/wp\/v2\/users\/1"}],"replies":[{"embeddable":true,"href":"https:\/\/viva-action.net\/index.php\/wp-json\/wp\/v2\/comments?post=5554"}],"version-history":[{"count":87,"href":"https:\/\/viva-action.net\/index.php\/wp-json\/wp\/v2\/pages\/5554\/revisions"}],"predecessor-version":[{"id":23185,"href":"https:\/\/viva-action.net\/index.php\/wp-json\/wp\/v2\/pages\/5554\/revisions\/23185"}],"wp:attachment":[{"href":"https:\/\/viva-action.net\/index.php\/wp-json\/wp\/v2\/media?parent=5554"}],"curies":[{"name":"wp","href":"https:\/\/api.w.org\/{rel}","templated":true}]}}